{"id":3865,"date":"2017-08-20T21:49:09","date_gmt":"2017-08-20T19:49:09","guid":{"rendered":"http:\/\/partitura.org\/?page_id=3865"},"modified":"2017-08-20T21:49:09","modified_gmt":"2017-08-20T19:49:09","slug":"thielo-carl-august","status":"publish","type":"page","link":"https:\/\/partitura.org\/index.php\/thielo-carl-august\/","title":{"rendered":"Thielo, Carl August"},"content":{"rendered":"<div class=\"wp-cpl-sc-wrap wp-cpl-sc-theme-0\">\n        <div class=\"wp-cpl-sc-post\">\n        <a class=\"wp-cpl-sc-thumba\" href=\"https:\/\/partitura.org\/index.php\/carl-august-thielo-musikaliske-galanterie-stycker\/\"><img loading=\"lazy\" decoding=\"async\" width=\"150\" height=\"150\" src=\"https:\/\/i0.wp.com\/partitura.org\/wp-content\/uploads\/2017\/08\/Thielo_Cover.png?resize=150%2C150&amp;ssl=1\" class=\"wp-cpl-sc-thumb wp-post-image\" alt=\"\" title=\"Permalink to: Carl August Thielo, Musikaliske Galanterie Stycker\" srcset=\"https:\/\/i0.wp.com\/partitura.org\/wp-content\/uploads\/2017\/08\/Thielo_Cover.png?resize=150%2C150&amp;ssl=1 150w, https:\/\/i0.wp.com\/partitura.org\/wp-content\/uploads\/2017\/08\/Thielo_Cover.png?resize=50%2C50&amp;ssl=1 50w, https:\/\/i0.wp.com\/partitura.org\/wp-content\/uploads\/2017\/08\/Thielo_Cover.png?zoom=2&amp;resize=150%2C150&amp;ssl=1 300w, https:\/\/i0.wp.com\/partitura.org\/wp-content\/uploads\/2017\/08\/Thielo_Cover.png?zoom=3&amp;resize=150%2C150&amp;ssl=1 450w\" sizes=\"auto, (max-width: 150px) 100vw, 150px\" \/><\/a>        <h2><a href=\"https:\/\/partitura.org\/index.php\/carl-august-thielo-musikaliske-galanterie-stycker\/\" title=\"Permalink to: Carl August Thielo, Musikaliske Galanterie Stycker\">Carl August Thielo, Musikaliske Galanterie Stycker<\/a><\/h2>\n        <div class=\"wp-cpl-sc-meta\">\n        <p>\n                        <span class=\"wp-cpl-sc-date\">Posted on Aug 20th, 2017 <\/span>\n                                            <\/p>\n    <\/div>\n            <div class=\"wp-cpl-sc-entry\">\n        <p>\n            Carl August Thielo (1702 \u2013 1763) was born in H\u00f8sterk\u00f8b in Nordsj\u00e6lland, but he moved early in live to Germany. He received his musical education\u2026        <\/p>\n                <p class=\"wp-cpl-sc-readmore\">\n            <a href=\"https:\/\/partitura.org\/index.php\/carl-august-thielo-musikaliske-galanterie-stycker\/\">Continue Reading<\/a>\n        <\/p>\n            <\/div>\n        <div class=\"clear\"><\/div>\n<\/div>\n<\/div>\n\n<p>Views: 25<\/p>","protected":false},"excerpt":{"rendered":"<p>Views: 25<\/p>\n","protected":false},"author":1,"featured_media":0,"parent":0,"menu_order":0,"comment_status":"closed","ping_status":"closed","template":"","meta":{"footnotes":""},"class_list":["post-3865","page","type-page","status-publish","hentry"],"jetpack_sharing_enabled":true,"jetpack_shortlink":"https:\/\/wp.me\/P5LnuZ-10l","_links":{"self":[{"href":"https:\/\/partitura.org\/index.php\/wp-json\/wp\/v2\/pages\/3865","targetHints":{"allow":["GET"]}}],"collection":[{"href":"https:\/\/partitura.org\/index.php\/wp-json\/wp\/v2\/pages"}],"about":[{"href":"https:\/\/partitura.org\/index.php\/wp-json\/wp\/v2\/types\/page"}],"author":[{"embeddable":true,"href":"https:\/\/partitura.org\/index.php\/wp-json\/wp\/v2\/users\/1"}],"replies":[{"embeddable":true,"href":"https:\/\/partitura.org\/index.php\/wp-json\/wp\/v2\/comments?post=3865"}],"version-history":[{"count":0,"href":"https:\/\/partitura.org\/index.php\/wp-json\/wp\/v2\/pages\/3865\/revisions"}],"wp:attachment":[{"href":"https:\/\/partitura.org\/index.php\/wp-json\/wp\/v2\/media?parent=3865"}],"curies":[{"name":"wp","href":"https:\/\/api.w.org\/{rel}","templated":true}]}}