{"id":8103,"date":"2019-12-07T19:08:42","date_gmt":"2019-12-07T17:08:42","guid":{"rendered":"http:\/\/partitura.org\/?page_id=8103"},"modified":"2019-12-07T19:08:42","modified_gmt":"2019-12-07T17:08:42","slug":"low-rudolf","status":"publish","type":"page","link":"https:\/\/partitura.org\/index.php\/low-rudolf\/","title":{"rendered":"L\u00f6w, Rudolf"},"content":{"rendered":"<div class=\"wp-cpl-sc-wrap wp-cpl-sc-theme-0\">\n        <div class=\"wp-cpl-sc-post\">\n        <a class=\"wp-cpl-sc-thumba\" href=\"https:\/\/partitura.org\/index.php\/rudolf-low-an-wasserflussen-babylon\/\"><img loading=\"lazy\" decoding=\"async\" width=\"150\" height=\"150\" src=\"https:\/\/i0.wp.com\/partitura.org\/wp-content\/uploads\/2019\/12\/L%C3%B6w-An-Wasserfl%C3%BCssen-Babylon.png?resize=150%2C150&amp;ssl=1\" class=\"wp-cpl-sc-thumb wp-post-image\" alt=\"\" title=\"Permalink to: Rudolf L\u00f6w, An Wasserfl\u00fcssen Babylon\" \/><\/a>        <h2><a href=\"https:\/\/partitura.org\/index.php\/rudolf-low-an-wasserflussen-babylon\/\" title=\"Permalink to: Rudolf L\u00f6w, An Wasserfl\u00fcssen Babylon\">Rudolf L\u00f6w, An Wasserfl\u00fcssen Babylon<\/a><\/h2>\n        <div class=\"wp-cpl-sc-meta\">\n        <p>\n                        <span class=\"wp-cpl-sc-date\">Posted on Dec 16th, 2019 <\/span>\n                                            <\/p>\n    <\/div>\n            <div class=\"wp-cpl-sc-entry\">\n        <p>\n            The S\u00e4chsische Landes- und Universit\u00e4tsbibliothek in Dresden posesses a manuscript of 12 organ compositions by Rudolf L\u00f6w's hand. It is his opus\u2026        <\/p>\n                <p class=\"wp-cpl-sc-readmore\">\n            <a href=\"https:\/\/partitura.org\/index.php\/rudolf-low-an-wasserflussen-babylon\/\">Continue Reading<\/a>\n        <\/p>\n            <\/div>\n        <div class=\"clear\"><\/div>\n<\/div>\n<div class=\"wp-cpl-sc-post\">\n        <a class=\"wp-cpl-sc-thumba\" href=\"https:\/\/partitura.org\/index.php\/rudolf-low-da-christus-geboren-war\/\"><img loading=\"lazy\" decoding=\"async\" width=\"150\" height=\"150\" src=\"https:\/\/i0.wp.com\/partitura.org\/wp-content\/uploads\/2019\/12\/L%C3%B6w-Da-Christus-geboren-war.png?resize=150%2C150&amp;ssl=1\" class=\"wp-cpl-sc-thumb wp-post-image\" alt=\"\" title=\"Permalink to: Rudolf L\u00f6w, Da Christus geboren war\" \/><\/a>        <h2><a href=\"https:\/\/partitura.org\/index.php\/rudolf-low-da-christus-geboren-war\/\" title=\"Permalink to: Rudolf L\u00f6w, Da Christus geboren war\">Rudolf L\u00f6w, Da Christus geboren war<\/a><\/h2>\n        <div class=\"wp-cpl-sc-meta\">\n        <p>\n                        <span class=\"wp-cpl-sc-date\">Posted on Dec 9th, 2019 <\/span>\n                                            <\/p>\n    <\/div>\n            <div class=\"wp-cpl-sc-entry\">\n        <p>\n            The S\u00e4chsische Landes- und Universit\u00e4tsbibliothek in Dresden posesses a manuscript of 12 organ compositions by the hand of Rudolf L\u00f6w (1832 -\u2026        <\/p>\n                <p class=\"wp-cpl-sc-readmore\">\n            <a href=\"https:\/\/partitura.org\/index.php\/rudolf-low-da-christus-geboren-war\/\">Continue Reading<\/a>\n        <\/p>\n            <\/div>\n        <div class=\"clear\"><\/div>\n<\/div>\n<div class=\"wp-cpl-sc-post\">\n        <a class=\"wp-cpl-sc-thumba\" href=\"https:\/\/partitura.org\/index.php\/rudolf-low-der-tag-der-ist-so-freudenreich\/\"><img loading=\"lazy\" decoding=\"async\" width=\"150\" height=\"150\" src=\"https:\/\/i0.wp.com\/partitura.org\/wp-content\/uploads\/2020\/02\/L%C3%B6w-Der-Tag-der-ist-so-freudenreich.png?resize=150%2C150&amp;ssl=1\" class=\"wp-cpl-sc-thumb wp-post-image\" alt=\"\" title=\"Permalink to: Rudolf L\u00f6w, Der Tag der ist so freudenreich\" \/><\/a>        <h2><a href=\"https:\/\/partitura.org\/index.php\/rudolf-low-der-tag-der-ist-so-freudenreich\/\" title=\"Permalink to: Rudolf L\u00f6w, Der Tag der ist so freudenreich\">Rudolf L\u00f6w, Der Tag der ist so freudenreich<\/a><\/h2>\n        <div class=\"wp-cpl-sc-meta\">\n        <p>\n                        <span class=\"wp-cpl-sc-date\">Posted on Feb 13th, 2020 <\/span>\n                                            <\/p>\n    <\/div>\n            <div class=\"wp-cpl-sc-entry\">\n        <p>\n            The S\u00e4chsische Landes- und Universit\u00e4tsbibliothek in Dresden posesses a manuscript of 12 organ compositions by Rudolf L\u00f6w's hand. It is his opus\u2026        <\/p>\n                <p class=\"wp-cpl-sc-readmore\">\n            <a href=\"https:\/\/partitura.org\/index.php\/rudolf-low-der-tag-der-ist-so-freudenreich\/\">Continue Reading<\/a>\n        <\/p>\n            <\/div>\n        <div class=\"clear\"><\/div>\n<\/div>\n<div class=\"wp-cpl-sc-post\">\n        <a class=\"wp-cpl-sc-thumba\" href=\"https:\/\/partitura.org\/index.php\/rudolf-low-erhalt-uns-herr-bei-deinem-wort\/\"><img loading=\"lazy\" decoding=\"async\" width=\"150\" height=\"150\" src=\"https:\/\/i0.wp.com\/partitura.org\/wp-content\/uploads\/2019\/12\/L%C3%B6w-Erhalt-uns-Herr-bei-deinem-Wort.png?resize=150%2C150&amp;ssl=1\" class=\"wp-cpl-sc-thumb wp-post-image\" alt=\"\" title=\"Permalink to: Rudolf L\u00f6w, Erhalt uns Herr bei deinem Wort\" \/><\/a>        <h2><a href=\"https:\/\/partitura.org\/index.php\/rudolf-low-erhalt-uns-herr-bei-deinem-wort\/\" title=\"Permalink to: Rudolf L\u00f6w, Erhalt uns Herr bei deinem Wort\">Rudolf L\u00f6w, Erhalt uns Herr bei deinem Wort<\/a><\/h2>\n        <div class=\"wp-cpl-sc-meta\">\n        <p>\n                        <span class=\"wp-cpl-sc-date\">Posted on Dec 14th, 2019 <\/span>\n                                            <\/p>\n    <\/div>\n            <div class=\"wp-cpl-sc-entry\">\n        <p>\n            The S\u00e4chsische Landes- und Universit\u00e4tsbibliothek in Dresden posesses a manuscript of 12 organ compositions by the hand of Rudolf L\u00f6w (1832 -\u2026        <\/p>\n                <p class=\"wp-cpl-sc-readmore\">\n            <a href=\"https:\/\/partitura.org\/index.php\/rudolf-low-erhalt-uns-herr-bei-deinem-wort\/\">Continue Reading<\/a>\n        <\/p>\n            <\/div>\n        <div class=\"clear\"><\/div>\n<\/div>\n<div class=\"wp-cpl-sc-post\">\n        <a class=\"wp-cpl-sc-thumba\" href=\"https:\/\/partitura.org\/index.php\/rudolf-low-erstanden-ist-der-heilge-christ\/\"><img loading=\"lazy\" decoding=\"async\" width=\"150\" height=\"150\" src=\"https:\/\/i0.wp.com\/partitura.org\/wp-content\/uploads\/2019\/12\/L%C3%B6w-Erstanden-ist-der-heilig-Christ.png?resize=150%2C150&amp;ssl=1\" class=\"wp-cpl-sc-thumb wp-post-image\" alt=\"\" title=\"Permalink to: Rudolf L\u00f6w, Erstanden ist der heilge Christ\" \/><\/a>        <h2><a href=\"https:\/\/partitura.org\/index.php\/rudolf-low-erstanden-ist-der-heilge-christ\/\" title=\"Permalink to: Rudolf L\u00f6w, Erstanden ist der heilge Christ\">Rudolf L\u00f6w, Erstanden ist der heilge Christ<\/a><\/h2>\n        <div class=\"wp-cpl-sc-meta\">\n        <p>\n                        <span class=\"wp-cpl-sc-date\">Posted on Jan 2nd, 2020 <\/span>\n                                            <\/p>\n    <\/div>\n            <div class=\"wp-cpl-sc-entry\">\n        <p>\n            The S\u00e4chsische Landes- und Universit\u00e4tsbibliothek in Dresden posesses a manuscript of 12 organ compositions by Rudolf L\u00f6w's hand. It is his opus\u2026        <\/p>\n                <p class=\"wp-cpl-sc-readmore\">\n            <a href=\"https:\/\/partitura.org\/index.php\/rudolf-low-erstanden-ist-der-heilge-christ\/\">Continue Reading<\/a>\n        <\/p>\n            <\/div>\n        <div class=\"clear\"><\/div>\n<\/div>\n<div class=\"wp-cpl-sc-post\">\n        <a class=\"wp-cpl-sc-thumba\" href=\"https:\/\/partitura.org\/index.php\/rudolf-low-fuga-c-moll-op-1-nr-10\/\"><img loading=\"lazy\" decoding=\"async\" width=\"150\" height=\"150\" src=\"https:\/\/i0.wp.com\/partitura.org\/wp-content\/uploads\/2020\/11\/L%C3%B6w-Fuga-c-moll.jpg?resize=150%2C150&amp;ssl=1\" class=\"wp-cpl-sc-thumb wp-post-image\" alt=\"\" title=\"Permalink to: Rudolf L\u00f6w, Fuga c moll, op. 1 nr 10\" \/><\/a>        <h2><a href=\"https:\/\/partitura.org\/index.php\/rudolf-low-fuga-c-moll-op-1-nr-10\/\" title=\"Permalink to: Rudolf L\u00f6w, Fuga c moll, op. 1 nr 10\">Rudolf L\u00f6w, Fuga c moll, op. 1 nr 10<\/a><\/h2>\n        <div class=\"wp-cpl-sc-meta\">\n        <p>\n                        <span class=\"wp-cpl-sc-date\">Posted on Nov 29th, 2020 <\/span>\n                                            <\/p>\n    <\/div>\n            <div class=\"wp-cpl-sc-entry\">\n        <p>\n            Rudolf L\u00f6w (1832 - 1898) was a Swiss organist and composer. He was a student of Carl Ferdinand Becker (Orgel) and Ignaz Moscheles (Piano). In 1864\u2026        <\/p>\n                <p class=\"wp-cpl-sc-readmore\">\n            <a href=\"https:\/\/partitura.org\/index.php\/rudolf-low-fuga-c-moll-op-1-nr-10\/\">Continue Reading<\/a>\n        <\/p>\n            <\/div>\n        <div class=\"clear\"><\/div>\n<\/div>\n<div class=\"wp-cpl-sc-post\">\n        <a class=\"wp-cpl-sc-thumba\" href=\"https:\/\/partitura.org\/index.php\/rudolf-low-fuga-e-moll\/\"><img loading=\"lazy\" decoding=\"async\" width=\"150\" height=\"150\" src=\"https:\/\/i0.wp.com\/partitura.org\/wp-content\/uploads\/2021\/04\/L%C3%B6w-Fuga-e-moll.jpg?resize=150%2C150&amp;ssl=1\" class=\"wp-cpl-sc-thumb wp-post-image\" alt=\"\" title=\"Permalink to: Rudolf L\u00f6w, Fuga e moll\" \/><\/a>        <h2><a href=\"https:\/\/partitura.org\/index.php\/rudolf-low-fuga-e-moll\/\" title=\"Permalink to: Rudolf L\u00f6w, Fuga e moll\">Rudolf L\u00f6w, Fuga e moll<\/a><\/h2>\n        <div class=\"wp-cpl-sc-meta\">\n        <p>\n                        <span class=\"wp-cpl-sc-date\">Posted on Apr 25th, 2021 <\/span>\n                                            <\/p>\n    <\/div>\n            <div class=\"wp-cpl-sc-entry\">\n        <p>\n            Sometimes I think I have too many little projects running. I started working on this manuscripts, containing 12 compositions by the hand of Rudolf\u2026        <\/p>\n                <p class=\"wp-cpl-sc-readmore\">\n            <a href=\"https:\/\/partitura.org\/index.php\/rudolf-low-fuga-e-moll\/\">Continue Reading<\/a>\n        <\/p>\n            <\/div>\n        <div class=\"clear\"><\/div>\n<\/div>\n<div class=\"wp-cpl-sc-post\">\n        <a class=\"wp-cpl-sc-thumba\" href=\"https:\/\/partitura.org\/index.php\/rudolf-low-fuga-g-moll\/\"><img loading=\"lazy\" decoding=\"async\" width=\"150\" height=\"150\" src=\"https:\/\/i0.wp.com\/partitura.org\/wp-content\/uploads\/2022\/01\/Low-Fuga-g-moll.jpg?resize=150%2C150&amp;ssl=1\" class=\"wp-cpl-sc-thumb wp-post-image\" alt=\"\" title=\"Permalink to: Rudolf L\u00f6w, Fuga g moll\" srcset=\"https:\/\/i0.wp.com\/partitura.org\/wp-content\/uploads\/2022\/01\/Low-Fuga-g-moll.jpg?resize=150%2C150&amp;ssl=1 150w, https:\/\/i0.wp.com\/partitura.org\/wp-content\/uploads\/2022\/01\/Low-Fuga-g-moll.jpg?resize=50%2C50&amp;ssl=1 50w, https:\/\/i0.wp.com\/partitura.org\/wp-content\/uploads\/2022\/01\/Low-Fuga-g-moll.jpg?resize=160%2C160&amp;ssl=1 160w, https:\/\/i0.wp.com\/partitura.org\/wp-content\/uploads\/2022\/01\/Low-Fuga-g-moll.jpg?resize=320%2C320&amp;ssl=1 320w, https:\/\/i0.wp.com\/partitura.org\/wp-content\/uploads\/2022\/01\/Low-Fuga-g-moll.jpg?zoom=3&amp;resize=150%2C150&amp;ssl=1 450w\" sizes=\"auto, (max-width: 150px) 100vw, 150px\" \/><\/a>        <h2><a href=\"https:\/\/partitura.org\/index.php\/rudolf-low-fuga-g-moll\/\" title=\"Permalink to: Rudolf L\u00f6w, Fuga g moll\">Rudolf L\u00f6w, Fuga g moll<\/a><\/h2>\n        <div class=\"wp-cpl-sc-meta\">\n        <p>\n                        <span class=\"wp-cpl-sc-date\">Posted on Jan 30th, 2022 <\/span>\n                                            <\/p>\n    <\/div>\n            <div class=\"wp-cpl-sc-entry\">\n        <p>\n            Rudolf L\u00f6w's opus 1 consists of 12 compositions for the pipe orgen. Of these, I have already published 11 (you can find the scores here:\u2026        <\/p>\n                <p class=\"wp-cpl-sc-readmore\">\n            <a href=\"https:\/\/partitura.org\/index.php\/rudolf-low-fuga-g-moll\/\">Continue Reading<\/a>\n        <\/p>\n            <\/div>\n        <div class=\"clear\"><\/div>\n<\/div>\n<div class=\"wp-cpl-sc-post\">\n        <a class=\"wp-cpl-sc-thumba\" href=\"https:\/\/partitura.org\/index.php\/rudolf-low-ich-dank-dir-schon-durch-deinen-sohn\/\"><img loading=\"lazy\" decoding=\"async\" width=\"150\" height=\"150\" src=\"https:\/\/i0.wp.com\/partitura.org\/wp-content\/uploads\/2019\/12\/L%C3%B6w-Ich-dank-dir-schon.png?resize=150%2C150&amp;ssl=1\" class=\"wp-cpl-sc-thumb wp-post-image\" alt=\"\" title=\"Permalink to: Rudolf L\u00f6w, Ich dank dir schon durch deinen Sohn\" \/><\/a>        <h2><a href=\"https:\/\/partitura.org\/index.php\/rudolf-low-ich-dank-dir-schon-durch-deinen-sohn\/\" title=\"Permalink to: Rudolf L\u00f6w, Ich dank dir schon durch deinen Sohn\">Rudolf L\u00f6w, Ich dank dir schon durch deinen Sohn<\/a><\/h2>\n        <div class=\"wp-cpl-sc-meta\">\n        <p>\n                        <span class=\"wp-cpl-sc-date\">Posted on Dec 12th, 2019 <\/span>\n                                            <\/p>\n    <\/div>\n            <div class=\"wp-cpl-sc-entry\">\n        <p>\n            The S\u00e4chsische Landes- und Universit\u00e4tsbibliothek in Dresden posesses a manuscript of 12 organ compositions by the hand of Rudolf L\u00f6w (1832 -\u2026        <\/p>\n                <p class=\"wp-cpl-sc-readmore\">\n            <a href=\"https:\/\/partitura.org\/index.php\/rudolf-low-ich-dank-dir-schon-durch-deinen-sohn\/\">Continue Reading<\/a>\n        <\/p>\n            <\/div>\n        <div class=\"clear\"><\/div>\n<\/div>\n<div class=\"wp-cpl-sc-post\">\n        <a class=\"wp-cpl-sc-thumba\" href=\"https:\/\/partitura.org\/index.php\/rudolf-low-nun-komm-der-heiden-heiland\/\"><img loading=\"lazy\" decoding=\"async\" width=\"150\" height=\"150\" src=\"https:\/\/i0.wp.com\/partitura.org\/wp-content\/uploads\/2019\/12\/L%C3%B6w-Nun-komm-der-Heiden-Heiland.png?resize=150%2C150&amp;ssl=1\" class=\"wp-cpl-sc-thumb wp-post-image\" alt=\"\" title=\"Permalink to: Rudolf L\u00f6w, Nun komm der Heiden Heiland\" \/><\/a>        <h2><a href=\"https:\/\/partitura.org\/index.php\/rudolf-low-nun-komm-der-heiden-heiland\/\" title=\"Permalink to: Rudolf L\u00f6w, Nun komm der Heiden Heiland\">Rudolf L\u00f6w, Nun komm der Heiden Heiland<\/a><\/h2>\n        <div class=\"wp-cpl-sc-meta\">\n        <p>\n                        <span class=\"wp-cpl-sc-date\">Posted on Dec 7th, 2019 <\/span>\n                                            <\/p>\n    <\/div>\n            <div class=\"wp-cpl-sc-entry\">\n        <p>\n            Rudolf L\u00f6w (1832 - 1898) was a Swiss organist and composer. He was a student of Carl Ferdinand Becker (Orgel) and Ignaz Moscheles (Piano). In 1864\u2026        <\/p>\n                <p class=\"wp-cpl-sc-readmore\">\n            <a href=\"https:\/\/partitura.org\/index.php\/rudolf-low-nun-komm-der-heiden-heiland\/\">Continue Reading<\/a>\n        <\/p>\n            <\/div>\n        <div class=\"clear\"><\/div>\n<\/div>\n<div class=\"wp-cpl-sc-post\">\n        <a class=\"wp-cpl-sc-thumba\" href=\"https:\/\/partitura.org\/index.php\/rudolf-low-o-mensch-bewein-dein-sunde-gross\/\"><img loading=\"lazy\" decoding=\"async\" width=\"150\" height=\"150\" src=\"https:\/\/i0.wp.com\/partitura.org\/wp-content\/uploads\/2019\/12\/L%C3%B6w-O-Mensch-bewein-dein-S%C3%BCnde-gross.png?resize=150%2C150&amp;ssl=1\" class=\"wp-cpl-sc-thumb wp-post-image\" alt=\"\" title=\"Permalink to: Rudolf L\u00f6w, O Mensch bewein dein S\u00fcnde gross\" \/><\/a>        <h2><a href=\"https:\/\/partitura.org\/index.php\/rudolf-low-o-mensch-bewein-dein-sunde-gross\/\" title=\"Permalink to: Rudolf L\u00f6w, O Mensch bewein dein S\u00fcnde gross\">Rudolf L\u00f6w, O Mensch bewein dein S\u00fcnde gross<\/a><\/h2>\n        <div class=\"wp-cpl-sc-meta\">\n        <p>\n                        <span class=\"wp-cpl-sc-date\">Posted on Dec 29th, 2019 <\/span>\n                                            <\/p>\n    <\/div>\n            <div class=\"wp-cpl-sc-entry\">\n        <p>\n            The S\u00e4chsische Landes- und Universit\u00e4tsbibliothek in Dresden posesses a manuscript of 12 organ compositions by Rudolf L\u00f6w's hand. It is his opus\u2026        <\/p>\n                <p class=\"wp-cpl-sc-readmore\">\n            <a href=\"https:\/\/partitura.org\/index.php\/rudolf-low-o-mensch-bewein-dein-sunde-gross\/\">Continue Reading<\/a>\n        <\/p>\n            <\/div>\n        <div class=\"clear\"><\/div>\n<\/div>\n<div class=\"wp-cpl-sc-post\">\n        <a class=\"wp-cpl-sc-thumba\" href=\"https:\/\/partitura.org\/index.php\/rudolf-low-trio-in-d-dur\/\"><img loading=\"lazy\" decoding=\"async\" width=\"150\" height=\"150\" src=\"https:\/\/i0.wp.com\/partitura.org\/wp-content\/uploads\/2023\/07\/Low-Trio.jpg?resize=150%2C150&amp;ssl=1\" class=\"wp-cpl-sc-thumb wp-post-image\" alt=\"\" title=\"Permalink to: Rudolf L\u00f6w, Trio in D Dur\" srcset=\"https:\/\/i0.wp.com\/partitura.org\/wp-content\/uploads\/2023\/07\/Low-Trio.jpg?resize=150%2C150&amp;ssl=1 150w, https:\/\/i0.wp.com\/partitura.org\/wp-content\/uploads\/2023\/07\/Low-Trio.jpg?resize=50%2C50&amp;ssl=1 50w, https:\/\/i0.wp.com\/partitura.org\/wp-content\/uploads\/2023\/07\/Low-Trio.jpg?resize=160%2C160&amp;ssl=1 160w, https:\/\/i0.wp.com\/partitura.org\/wp-content\/uploads\/2023\/07\/Low-Trio.jpg?resize=320%2C320&amp;ssl=1 320w, https:\/\/i0.wp.com\/partitura.org\/wp-content\/uploads\/2023\/07\/Low-Trio.jpg?zoom=3&amp;resize=150%2C150&amp;ssl=1 450w\" sizes=\"auto, (max-width: 150px) 100vw, 150px\" \/><\/a>        <h2><a href=\"https:\/\/partitura.org\/index.php\/rudolf-low-trio-in-d-dur\/\" title=\"Permalink to: Rudolf L\u00f6w, Trio in D Dur\">Rudolf L\u00f6w, Trio in D Dur<\/a><\/h2>\n        <div class=\"wp-cpl-sc-meta\">\n        <p>\n                        <span class=\"wp-cpl-sc-date\">Posted on Sep 5th, 2023 <\/span>\n                                            <\/p>\n    <\/div>\n            <div class=\"wp-cpl-sc-entry\">\n        <p>\n            Rudolf L\u00f6w (1832 \u2013 1898) was a Swiss organist and composer. He was a student of Carl Ferdinand Becker (Orgel) and Ignaz Moscheles (Piano). In 1864\u2026        <\/p>\n                <p class=\"wp-cpl-sc-readmore\">\n            <a href=\"https:\/\/partitura.org\/index.php\/rudolf-low-trio-in-d-dur\/\">Continue Reading<\/a>\n        <\/p>\n            <\/div>\n        <div class=\"clear\"><\/div>\n<\/div>\n<div class=\"wp-cpl-sc-post\">\n        <a class=\"wp-cpl-sc-thumba\" href=\"https:\/\/partitura.org\/index.php\/rudolf-low-wo-soll-ich-fliehen-hin\/\"><img loading=\"lazy\" decoding=\"async\" width=\"150\" height=\"150\" src=\"https:\/\/i0.wp.com\/partitura.org\/wp-content\/uploads\/2019\/12\/L%C3%B6w-wo-soll-ich-fliehen-hin.png?resize=150%2C150&amp;ssl=1\" class=\"wp-cpl-sc-thumb wp-post-image\" alt=\"\" title=\"Permalink to: Rudolf L\u00f6w, Wo soll ich fliehen hin\" \/><\/a>        <h2><a href=\"https:\/\/partitura.org\/index.php\/rudolf-low-wo-soll-ich-fliehen-hin\/\" title=\"Permalink to: Rudolf L\u00f6w, Wo soll ich fliehen hin\">Rudolf L\u00f6w, Wo soll ich fliehen hin<\/a><\/h2>\n        <div class=\"wp-cpl-sc-meta\">\n        <p>\n                        <span class=\"wp-cpl-sc-date\">Posted on Dec 23rd, 2019 <\/span>\n                                            <\/p>\n    <\/div>\n            <div class=\"wp-cpl-sc-entry\">\n        <p>\n            The S\u00e4chsische Landes- und Universit\u00e4tsbibliothek in Dresden posesses a manuscript of 12 organ compositions by Rudolf L\u00f6w's hand. It is his opus\u2026        <\/p>\n                <p class=\"wp-cpl-sc-readmore\">\n            <a href=\"https:\/\/partitura.org\/index.php\/rudolf-low-wo-soll-ich-fliehen-hin\/\">Continue Reading<\/a>\n        <\/p>\n            <\/div>\n        <div class=\"clear\"><\/div>\n<\/div>\n<\/div>\n\n<p>Views: 34<\/p>","protected":false},"excerpt":{"rendered":"<p>Views: 34<\/p>\n","protected":false},"author":1,"featured_media":0,"parent":0,"menu_order":0,"comment_status":"closed","ping_status":"closed","template":"","meta":{"footnotes":""},"class_list":["post-8103","page","type-page","status-publish","hentry"],"jetpack_sharing_enabled":true,"jetpack_shortlink":"https:\/\/wp.me\/P5LnuZ-26H","_links":{"self":[{"href":"https:\/\/partitura.org\/index.php\/wp-json\/wp\/v2\/pages\/8103","targetHints":{"allow":["GET"]}}],"collection":[{"href":"https:\/\/partitura.org\/index.php\/wp-json\/wp\/v2\/pages"}],"about":[{"href":"https:\/\/partitura.org\/index.php\/wp-json\/wp\/v2\/types\/page"}],"author":[{"embeddable":true,"href":"https:\/\/partitura.org\/index.php\/wp-json\/wp\/v2\/users\/1"}],"replies":[{"embeddable":true,"href":"https:\/\/partitura.org\/index.php\/wp-json\/wp\/v2\/comments?post=8103"}],"version-history":[{"count":1,"href":"https:\/\/partitura.org\/index.php\/wp-json\/wp\/v2\/pages\/8103\/revisions"}],"predecessor-version":[{"id":8104,"href":"https:\/\/partitura.org\/index.php\/wp-json\/wp\/v2\/pages\/8103\/revisions\/8104"}],"wp:attachment":[{"href":"https:\/\/partitura.org\/index.php\/wp-json\/wp\/v2\/media?parent=8103"}],"curies":[{"name":"wp","href":"https:\/\/api.w.org\/{rel}","templated":true}]}}